{"id":447,"date":"2020-11-17T21:24:13","date_gmt":"2020-11-17T21:24:13","guid":{"rendered":"https:\/\/pqglobal.com\/esp\/?page_id=447"},"modified":"2021-01-17T00:49:24","modified_gmt":"2021-01-17T00:49:24","slug":"rastreo-de-onda","status":"publish","type":"page","link":"https:\/\/pqglobal.com\/esp\/rastreo-de-onda\/","title":{"rendered":"Rastreo-de-Onda"},"content":{"rendered":"\t\t<div data-elementor-type=\"wp-page\" data-elementor-id=\"447\" class=\"elementor elementor-447\" data-elementor-settings=\"[]\">\n\t\t\t\t\t\t<div class=\"elementor-inner\">\n\t\t\t\t\t\t\t<div class=\"elementor-section-wrap\">\n\t\t\t\t\t\t\t<section class=\"elementor-section elementor-top-section elementor-element elementor-element-bad7dab elementor-section-boxed elementor-section-height-default elementor-section-height-default\" data-id=\"bad7dab\" data-element_type=\"section\">\n\t\t\t\t\t\t<div class=\"elementor-container elementor-column-gap-default\">\n\t\t\t\t\t\t\t<div class=\"elementor-row\">\n\t\t\t\t\t<div class=\"elementor-column elementor-col-100 elementor-top-column elementor-element elementor-element-54e8e32\" data-id=\"54e8e32\" data-element_type=\"column\">\n\t\t\t<div class=\"elementor-column-wrap elementor-element-populated\">\n\t\t\t\t\t\t\t<div class=\"elementor-widget-wrap\">\n\t\t\t\t\t\t<div class=\"elementor-element elementor-element-2b7c8e0 elementor-widget elementor-widget-heading\" data-id=\"2b7c8e0\" data-element_type=\"widget\" data-widget_type=\"heading.default\">\n\t\t\t\t<div class=\"elementor-widget-container\">\n\t\t\t<h2 class=\"elementor-heading-title elementor-size-default\">Rastreo de Onda Senoidal (Sine-Wave Tracking)<\/h2>\t\t<\/div>\n\t\t\t\t<\/div>\n\t\t\t\t\t\t<\/div>\n\t\t\t\t\t<\/div>\n\t\t<\/div>\n\t\t\t\t\t\t\t\t<\/div>\n\t\t\t\t\t<\/div>\n\t\t<\/section>\n\t\t\t\t<section class=\"elementor-section elementor-top-section elementor-element elementor-element-e385888 elementor-section-content-middle elementor-section-boxed elementor-section-height-default elementor-section-height-default\" data-id=\"e385888\" data-element_type=\"section\">\n\t\t\t\t\t\t<div class=\"elementor-container elementor-column-gap-default\">\n\t\t\t\t\t\t\t<div class=\"elementor-row\">\n\t\t\t\t\t<div class=\"elementor-column elementor-col-50 elementor-top-column elementor-element elementor-element-6ec3c8f\" data-id=\"6ec3c8f\" data-element_type=\"column\">\n\t\t\t<div class=\"elementor-column-wrap elementor-element-populated\">\n\t\t\t\t\t\t\t<div class=\"elementor-widget-wrap\">\n\t\t\t\t\t\t<div class=\"elementor-element elementor-element-5eda7df elementor-widget elementor-widget-text-editor\" data-id=\"5eda7df\" data-element_type=\"widget\" data-widget_type=\"text-editor.default\">\n\t\t\t\t<div class=\"elementor-widget-container\">\n\t\t\t\t\t<div class=\"elementor-text-editor elementor-clearfix\"><p>Los transitorios pueden ocurrir en cualquier parte de la forma de onda de voltaje de AC, y pueden ser inducidos ya sea en el semiciclo positivo o negativo. Los supresores de transientes que no incluyen la funci\u00f3n de rastreo o <strong>\u201cSine-Wave Tracking\u201d<\/strong> permiten que grandes transitorios lleguen a las cargas cr\u00edticas cuando un pico de voltaje positivo se induce en la parte negativa del voltaje de entrada ( o viceversa) . En el ejemplo que se muestra en la Figura 1, el transitorio inducido caus\u00f3 que un pico de 570V llegara hasta a la carga.<\/p><\/div>\n\t\t\t\t<\/div>\n\t\t\t\t<\/div>\n\t\t\t\t\t\t<\/div>\n\t\t\t\t\t<\/div>\n\t\t<\/div>\n\t\t\t\t<div class=\"elementor-column elementor-col-50 elementor-top-column elementor-element elementor-element-c895dea\" data-id=\"c895dea\" data-element_type=\"column\">\n\t\t\t<div class=\"elementor-column-wrap elementor-element-populated\">\n\t\t\t\t\t\t\t<div class=\"elementor-widget-wrap\">\n\t\t\t\t\t\t<div class=\"elementor-element elementor-element-b3a6ef2 elementor-widget elementor-widget-image\" data-id=\"b3a6ef2\" data-element_type=\"widget\" data-widget_type=\"image.default\">\n\t\t\t\t<div class=\"elementor-widget-container\">\n\t\t\t\t\t<div class=\"elementor-image\">\n\t\t\t\t\t\t\t\t\t\t<img loading=\"lazy\" decoding=\"async\" width=\"452\" height=\"313\" src=\"https:\/\/pqglobal.com\/esp\/wp-content\/uploads\/2020\/11\/sine-wave-tracking_clip_image002.jpg\" class=\"attachment-large size-large\" alt=\"\" srcset=\"https:\/\/pqglobal.com\/esp\/wp-content\/uploads\/2020\/11\/sine-wave-tracking_clip_image002.jpg 452w, https:\/\/pqglobal.com\/esp\/wp-content\/uploads\/2020\/11\/sine-wave-tracking_clip_image002-300x208.jpg 300w, https:\/\/pqglobal.com\/esp\/wp-content\/uploads\/2020\/11\/sine-wave-tracking_clip_image002-211x146.jpg 211w, https:\/\/pqglobal.com\/esp\/wp-content\/uploads\/2020\/11\/sine-wave-tracking_clip_image002-50x35.jpg 50w, https:\/\/pqglobal.com\/esp\/wp-content\/uploads\/2020\/11\/sine-wave-tracking_clip_image002-108x75.jpg 108w\" sizes=\"auto, (max-width:767px) 452px, 452px\" \/>\t\t\t\t\t\t\t\t\t\t\t<\/div>\n\t\t\t\t<\/div>\n\t\t\t\t<\/div>\n\t\t\t\t\t\t<\/div>\n\t\t\t\t\t<\/div>\n\t\t<\/div>\n\t\t\t\t\t\t\t\t<\/div>\n\t\t\t\t\t<\/div>\n\t\t<\/section>\n\t\t\t\t<section class=\"elementor-section elementor-top-section elementor-element elementor-element-2dbba1d elementor-section-content-middle elementor-reverse-mobile elementor-section-boxed elementor-section-height-default elementor-section-height-default\" data-id=\"2dbba1d\" data-element_type=\"section\">\n\t\t\t\t\t\t<div class=\"elementor-container elementor-column-gap-default\">\n\t\t\t\t\t\t\t<div class=\"elementor-row\">\n\t\t\t\t\t<div class=\"elementor-column elementor-col-50 elementor-top-column elementor-element elementor-element-1671240\" data-id=\"1671240\" data-element_type=\"column\">\n\t\t\t<div class=\"elementor-column-wrap elementor-element-populated\">\n\t\t\t\t\t\t\t<div class=\"elementor-widget-wrap\">\n\t\t\t\t\t\t<div class=\"elementor-element elementor-element-55fbed7 elementor-widget elementor-widget-image\" data-id=\"55fbed7\" data-element_type=\"widget\" data-widget_type=\"image.default\">\n\t\t\t\t<div class=\"elementor-widget-container\">\n\t\t\t\t\t<div class=\"elementor-image\">\n\t\t\t\t\t\t\t\t\t\t<img loading=\"lazy\" decoding=\"async\" width=\"436\" height=\"331\" src=\"https:\/\/pqglobal.com\/esp\/wp-content\/uploads\/2020\/11\/sine-wave-tracking_clip_image004.jpg\" class=\"attachment-large size-large\" alt=\"\" srcset=\"https:\/\/pqglobal.com\/esp\/wp-content\/uploads\/2020\/11\/sine-wave-tracking_clip_image004.jpg 436w, https:\/\/pqglobal.com\/esp\/wp-content\/uploads\/2020\/11\/sine-wave-tracking_clip_image004-300x228.jpg 300w, https:\/\/pqglobal.com\/esp\/wp-content\/uploads\/2020\/11\/sine-wave-tracking_clip_image004-192x146.jpg 192w, https:\/\/pqglobal.com\/esp\/wp-content\/uploads\/2020\/11\/sine-wave-tracking_clip_image004-50x38.jpg 50w, https:\/\/pqglobal.com\/esp\/wp-content\/uploads\/2020\/11\/sine-wave-tracking_clip_image004-99x75.jpg 99w\" sizes=\"auto, (max-width:767px) 436px, 436px\" \/>\t\t\t\t\t\t\t\t\t\t\t<\/div>\n\t\t\t\t<\/div>\n\t\t\t\t<\/div>\n\t\t\t\t\t\t<\/div>\n\t\t\t\t\t<\/div>\n\t\t<\/div>\n\t\t\t\t<div class=\"elementor-column elementor-col-50 elementor-top-column elementor-element elementor-element-ed65bb2\" data-id=\"ed65bb2\" data-element_type=\"column\">\n\t\t\t<div class=\"elementor-column-wrap elementor-element-populated\">\n\t\t\t\t\t\t\t<div class=\"elementor-widget-wrap\">\n\t\t\t\t\t\t<div class=\"elementor-element elementor-element-f938807 elementor-widget elementor-widget-text-editor\" data-id=\"f938807\" data-element_type=\"widget\" data-widget_type=\"text-editor.default\">\n\t\t\t\t<div class=\"elementor-widget-container\">\n\t\t\t\t\t<div class=\"elementor-text-editor elementor-clearfix\"><p>Los supresores de transientes que incluyen la funci\u00f3n de rastreo <strong>(Sine-Wave Tracking)<\/strong> proveen una atenuaci\u00f3n completa en todos los puntos de la onda senoidal. Esto asegura un desempe\u00f1o uniforme independientemente del punto donde se presente el pico de voltaje en la onda. V\u00e9ase Figura 2.<\/p><\/div>\n\t\t\t\t<\/div>\n\t\t\t\t<\/div>\n\t\t\t\t\t\t<\/div>\n\t\t\t\t\t<\/div>\n\t\t<\/div>\n\t\t\t\t\t\t\t\t<\/div>\n\t\t\t\t\t<\/div>\n\t\t<\/section>\n\t\t\t\t\t\t<\/div>\n\t\t\t\t\t\t<\/div>\n\t\t\t\t\t<\/div>\n\t\t","protected":false},"excerpt":{"rendered":"<p>Rastreo de Onda Senoidal (Sine-Wave Tracking) Los transitorios pueden ocurrir en cualquier parte de la forma de onda de voltaje de AC, y pueden ser inducidos<span class=\"excerpt-hellip\"> [\u2026]<\/span><\/p>\n","protected":false},"author":2,"featured_media":0,"parent":0,"menu_order":0,"comment_status":"closed","ping_status":"closed","template":"","meta":{"footnotes":""},"class_list":["post-447","page","type-page","status-publish","hentry"],"_links":{"self":[{"href":"https:\/\/pqglobal.com\/esp\/wp-json\/wp\/v2\/pages\/447","targetHints":{"allow":["GET"]}}],"collection":[{"href":"https:\/\/pqglobal.com\/esp\/wp-json\/wp\/v2\/pages"}],"about":[{"href":"https:\/\/pqglobal.com\/esp\/wp-json\/wp\/v2\/types\/page"}],"author":[{"embeddable":true,"href":"https:\/\/pqglobal.com\/esp\/wp-json\/wp\/v2\/users\/2"}],"replies":[{"embeddable":true,"href":"https:\/\/pqglobal.com\/esp\/wp-json\/wp\/v2\/comments?post=447"}],"version-history":[{"count":11,"href":"https:\/\/pqglobal.com\/esp\/wp-json\/wp\/v2\/pages\/447\/revisions"}],"predecessor-version":[{"id":1478,"href":"https:\/\/pqglobal.com\/esp\/wp-json\/wp\/v2\/pages\/447\/revisions\/1478"}],"wp:attachment":[{"href":"https:\/\/pqglobal.com\/esp\/wp-json\/wp\/v2\/media?parent=447"}],"curies":[{"name":"wp","href":"https:\/\/api.w.org\/{rel}","templated":true}]}}